7. Calculate l(1).
173
Let j(n) = -1997*n + 13646. Give j(7).
-333
Let y(c) = 6*c**2 + 53*c + 45. What is y(-9)?
54
Let r(x) = -127*x**3 + 491*x**2 + 9*x - 49. What is r(4)?
-285
Let m(d) = -17*d**3 + 206*d**2 + 415*d - 6. What is m(-2)?
124
Let h(i) = -1606*i + 695549. Give h(433).
151
Let n(g) = 9*g**2 - 934*g - 10262. Calculate n(-10).
-22
Let a(u) = 240*u**2 + 3615*u + 267. Give a(-15).
42
Let k(z) = 39858*z - 159386. What is k(4)?
46
Let g(f) = 3*f**2 + 3349*f + 91569. Calculate g(-28).
149
Let w(g) = -382*g + 1664. Determine w(6).
-628
Let s(x) = 1215*x - 405766. Calculate s(334).
44
Let s(h) = h**2 + 1846*h - 71665. Determine s(38).
-73
Let p(q) = 3*q**3 + 3*q**2 + 4*q - 96. Determine p(0).
-96
Let g(r) = -68876*r + 1239785. What is g(18)?
17
Let q(f) = f**3 + 1004*f**2 - 497*f + 510535. What is q(-1005)?
-5
Let u(a) = 329*a - 79027. Determine u(248).
2565
Let z(q) = 8*q**3 + 838*q - 5051. Calculate z(6).
1705
Let d(x) = -3601*x - 14308. Give d(-4).
96
Let t(x) = -2470*x + 2500. What is t(1)?
30
Let l(z) = 6635*z - 517539. Determine l(78).
-9
Let q(v) = 4*v**2 + 2868*v + 19887. Give q(-7).
7
Let l(g) = -g**3 + 130*g**2 - 175*g - 10226. Give l(128).
142
Let q(r) = -13*r**3 - 25*r**2 + 627*r + 1275. Determine q(-2).
25
Let u(s) = 5*s**2 + 293*s + 4002. Determine u(-21).
54
Let f(r) = 20889*r - 208942. Calculate f(10).
-52
Let a(u) = -29725*u - 7728535. Determine a(-260).
-35
Let g(x) = -4*x**3 - 1749*x**2 - 15362*x + 490. Determine g(-9).
-5
Let y(p) = 2*p**3 - 17*p**2 + 75*p + 157. Determine y(11).
1587
Let p(i) = -4*i**3 - 96*i**2 + 17*i + 322. Calculate p(-24).
-86
Let w(l) = 29*l**2 - 167*l + 473. What is w(3)?
233
Let l(b) = -8*b**2 - 271*b + 55420. Calculate l(68).
0
Let p(z) = -11*z**2 + 495*z - 480. What is p(1)?
4
Let c(n) = 3*n**2 - 2048*n - 1649684. Determine c(-475).
-9
Let s(y) = 77*y**2 - 1119*y - 3. Give s(15).
537
Let h(g) = g**3 - 245*g**2 + 9767*g - 3310. What is h(195)?
5
Let k(a) = 9*a**3 - 277*a**2 - 62*a + 37. Determine k(31).
37
Let w(o) = o**3 + 153*o**2 - 4435*o - 376. Determine w(25).
-1
Let m(t) = t**2 - 1361*t - 27391. What is m(-20)?
229
Let l(q) = 13467*q - 38433. What is l(3)?
1968
Let r(d) = -d**3 - 69*d**2 + 113*d + 12058. Give r(-67).
-4491
Let i(n) = -8*n**3 + 228*n**2 + 419*n - 1806. What is i(30)?
-36
Let l(q) = -8*q**3 - 91*q**2 - 35*q + 64. What is l(-9)?
-1160
Let x(k) = 4*k**3 - 267*k**2 + 1411*k - 181. Calculate x(61).
307
Let b(p) = -2294183*p + 9176734. Give b(4).
2
Let a(y) = -1295*y**2 + 24574*y + 595. Determine a(19).
6
Let i(l) = 198934*l + 1790388. Calculate i(-9).
-18
Let g(b) = 10*b**3 + 3*b**2 - 25*b - 58. Determine g(-2).
-76
Let q(w) = -w**2 - 19307*w - 1193175. Determine q(-62).
15
Let a(z) = 29100*z + 2619000. Determine a(-90).
0
Let b(t) = -45639*t + 455868. What is b(10)?
-522
Let z(j) = 1757*j + 23925. Calculate z(-13).
1084
Let d(s) = -26*s**3 - 721*s**2 + 196*s + 105. Determine d(-28).
105
Let g(d) = -d**3 - 12*d**2 - 3*d - 200. Calculate g(-13).
8
Let c(k) = -k**3 - 12*k**2 + 2691*k + 19084. Calculate c(-7).
2
Let q(a) = -172*a + 6516. What is q(22)?
2732
Let w(r) = -96*r**3 + 103*r**2 - 520*r + 519. Calculate w(1).
6
Let y(v) = -v**3 - 49*v**2 + 4092*v - 13. Give y(44).
-13
Let n(h) = h**3 + 124*h**2 + 224*h - 3248. Determine n(-122).
-808
Let n(c) = c**2 - 138*c + 2970. Determine n(111).
-27
Let c(u) = -16*u**3 - 92*u**2 + 1082*u + 6352. What is c(-6)?
4
Let b(z) = -27*z**2 + 486*z + 172. Calculate b(19).
-341
Let w(i) = 248*i**3 + 145329*i**2 + 587*i + 564. What is w(-586)?
-22
Let s(f) = -315*f + 20754. What is s(67)?
-351
Let g(o) = -o**3 + 130*o**2 - 46*o + 6388. What is g(130)?
408
Let g(i) = 961*i + 21768. Determine g(-23).
-335
Let d(g) = g**3 - 29*g**2 + 181*g - 21. Determine d(8).
83
Let o(d) = -d**3 - 119*d**2 + 3773*d + 696. Determine o(-145).
261
Let n(i) = i**2 - 12*i - 41609. Calculate n(-198).
-29
Let t(d) = -13594*d + 1631253. Determine t(120).
-27
Let p(c) = c**3 + 26*c**2 - 4*c - 1657. Give p(-23).
22
Let v(m) = -m**2 + 447*m - 3963. Calculate v(9).
-21
Let s(m) = 246043*m + 7627319. Give s(-31).
-14
Let b(z) = 29*z**2 + 31*z + 46. What is b(-2)?
100
Let s(k) = 969*k - 34909. What is s(36)?
-25
Let z(m) = 350966*m - 2456768. What is z(7)?
-6
Let i(c) = -651*c**2 + 1150*c - 2316. What is i(2)?
-2620
Let b(j) = 9029*j + 46. What is b(0)?
46
Let f(a) = -34*a**2 + 4639*a + 153681. Determine f(164).
13
Let s(y) = 26*y**2 + 28*y + 16. Give s(-2).
64
Let o(b) = 2*b**3 + 14*b**2 - 1677*b - 10127. Calculate o(-6).
7
Let w(m) = -m**2 - 6586*m + 26322. Calculate w(4).
-38
Let m(n) = -9396*n - 150080. Calculate m(-16).
256
Let i(c) = c**2 + 20*c - 13771. Calculate i(-130).
529
Let d(k) = 1039*k + 70666. Calculate d(-68).
14
Let k(f) = 5*f**3 + 17*f**2 - 175*f + 130. What is k(-8)?
58
Let n(m) = m**3 - 10*m**2 + 263*m - 1669. Give n(7).
25
Let x(v) = 6*v**3 - v**2 - v - 3057. Determine x(0).
-3057
Let z(n) = -18*n**2 + 38*n + 2132. Calculate z(12).
-4
Let b(z) = z**2 + 1178*z - 129181. What is b(101)?
-2
Let l(k) = -k**3 + 122*k**2 - 135*k + 1749. What is l(121)?
55
Let f(b) = -29*b**3 - 1146*b**2 - 584*b + 22. Determine f(-39).
-17
Let s(u) = -138*u - 4609. Determine s(-31).
-331
Let c(g) = -4*g**3 + 535*g**2 + 2914*g - 162. Give c(139).
-857
Let p(r) = -r**2 - 1558*r - 15491. What is p(-10)?
-11
Let w(s) = -752*s + 193995. Give w(258).
-21
Let b(s) = -s**3 + 57*s**2 - 537*s - 249. Determine b(45).
-114
Let p(l) = -38*l**3 - 5*l**2 - 43*l + 66. Calculate p(-5).
4906
Let t(r) = 20*r + 5448. What is t(-277)?
-92
Let a(z) = 46*z - 1513. What is a(33)?
5
Let k(j) = 6761*j + 47569. Give k(-7).
242
Let p(w) = 636*w - 12412. Calculate p(19).
-328
Let u(c) = -6*c**3 - 9*c**2 - 158*c + 406. Determine u(6).
-2162
Let u(w) = 3*w**3 + 309*w**2 + 7897*w + 40. Give u(-56).
-16
Let q(a) = -a**2 + 85*a - 1030. What is q(15)?
20
Let h(l) = 1521*l - 12617. Calculate h(8).
-449
Let o(j) = -60244*j - 240972. Give o(-4).
4
Let f(n) = 195*n + 46406. Give f(-238).
-4
Let h(x) = 98*x + 5502. Determine h(-40).
1582
Let a(i) = -i**3 - 66*i**2 + 1133*i + 1080. What is a(-80)?
40
Let x(b) = -153*b**2 + 1516*b - 138. What is x(10)?
-278
Let l(d) = -d**2 - 36737*d - 807751. Determine l(-22).
-21
Let s(n) = 8*n**2 - 1803*n + 668. Give s(225).
-7
Let j(d) = 166*d**3 + 80*d**2 - 28*d - 28. Determine j(-1).
-86
Let x(o) = -7655*o + 84182. Give x(11).
-23
Let d(h) = -165566*h - 165517. Calculate d(-1).
49
Let q(i) = i**2 + 386*i - 21290. Determine q(49).
25
Let g(y) = 70572*y + 635132. What is g(-9)?
-16
Let y(m) = m**3 - 125*m**2 + 1000*m + 5095. Give y(116).
-9
Let k(b) = -7023*b + 912981. Give k(130).
-9
Let o(h) = 1133*h**2 + 16983*h - 51. Calculate o(-15).
129
Let q(l) = -l**3 + 89*l**2 + 20*l - 1813. Determine q(89).
-33
Let x(z) = -9*z**3 - 167*z**2 + 62*z - 26. Calculate x(-19).
240
Let z(g) = 6*g**2 + 365*g + 3285. What is z(-11)?
-4
Let q(x) = x**3 - 195*x**2 - 186*x - 1951. Calculate q(196).
9
Let x(t) = 200*t**2 + 73003*t + 1068. Calculate x(-365).
-27
Let d(j) = -1216*j + 231056. Give d(190).
16
Let p(w) = -1956*w - 93898. Determine p(-48).
-10
Let b(c) = -130104*c - 1301033. What is b(-10)?
7
Let s(v) = -v**3 - 1587*v**2 - 1464*v + 193492. Give s(-1586).
0
Let i(j) = -241256*j + 2895060. Calculate i(12).
-12
Let o(b) = -201*b + 195. Calculate o(6).
-1011
Let w(t) = -10*t**3 - 1713*t**2 - 543*t - 5005. Determine w(-171).
125
Let j(q) = -39*q**2 + 31*q + 21. What is j(4)?
-479
Let n(j) = 476*j + 44797. What is n(-94)?
53
Let d(t) = -2*t**2 + 1704*t - 362070. Calculate d(447).
0
Let h(f) = -32*f**3 + 34*f**2 - 22*f - 18. What is h(4)?
-1610
Let m(n) = n**2 - 19130*n + 649257. What is m(34)?
-7
Let w(j) = -j**2 + 1685*j - 28429. What is w(17)?
-73
Let r(y) = -3130*y + 37760. Determine r(12).
200
Let h(x) = 1521*x - 14871. Give h(9).
-1182
Let u(l) = l**3 + 900*l**2 + 7254*l + 105247. Determine u(-892).
-9
Let v(w) = 49464*w - 246981. Determine v(5).
339
Let m(i) = -4*i - 623. Give m(-148).
-31
Let a(n) = -162*n + 13763. What is a(85)?
-7
Let h(k) = -24*k**2 - 119*k + 101. Give h(-11).
-1494
Let k(d) = -d**3 - 194*d**2 - 213*d - 3642. What is k(-193)?
218
Let a(i) = -23148*i + 324087. Determine a(14).
15
Let i(z) = -6*z**3 + 152*z**2 - 78*z - 105. Give i(25).
-805
Let q(s) = -4*s**2 - 1098*